.
10
Let v be (-1 - 2/4)*-10. Suppose 0 = -s + 2*j + 4, 2*s - j = 2 - 0. Let c be s + 0 + 0 - -165. Calculate the greatest common factor of c and v.
15
Suppose 5*b - 110 = -0*b. Let d be (b/6)/((-5)/(-105)). What is the highest common divisor of d and 7?
7
Suppose c - 34 = 5*p, 4*p = c - 10 - 22. Calculate the highest common factor of c and 36.
12
Let c be -39*((-8)/3 - -2). Let b be (4 + -3)*c - 2. Let i = 124 - 64. What is the greatest common factor of b and i?
12
Suppose 2*y = -3*b - 2*b + 15, -8 = -y - 3*b. Suppose -4*x + j = -x - 42, j = -y*x + 62. Let r = 13 - -104. What is the greatest common factor of x and r?
13
Let f(j) = -19*j + 14. Let p be f(-6). What is the greatest common divisor of p and 16?
16
Let y = 8 - -60. Let q = -9 + 26. What is the highest common factor of q and y?
17
Let c be ((-60)/(-8))/((-6)/(-8)). Suppose -4*r - r + 50 = 0. Calculate the highest common factor of c and r.
10
Let g = 134 + -39. Suppose v + g = 6*v. Suppose i - 43 + 5 = 0. What is the highest common factor of v and i?
19
Let q be 3 - (6/(-3) - -1). Suppose -8*a = -q*a - 72. What is the highest common divisor of 6 and a?
6
Suppose 0 = 4*k - 8, 0 = -3*y - 6*k + 4*k + 79. Calculate the greatest common factor of 100 and y.
25
Let a(r) = 4*r**2 + 6*r + 7. Let w be a(-7). Suppose 3*j = u - 40 - 3, -4*u + j + w = 0. Calculate the highest common divisor of u and 8.
8
Suppose -1 + 11 = 2*z. Suppose -29 = -z*p + 241. Let f be 6/((-2 - -3)/1). What is the highest common factor of p and f?
6
Suppose 71 = 4*m + 27. Let h be 1*((-8)/(-2) + 1). Suppose -h*g = -5*j + 50, 2*j = 3*g + 17 + 2. Calculate the greatest common factor of j and m.
11
Let k(h) = -h**3 + 6*h**2 - 2*h - 3. Let q be k(5). Suppose 4*p - 5*p = -14. Let b be 1/(3/q)*p. Calculate the highest common divisor of b and 8.
8
Suppose -3*g + 4*g + 4*p = 0, -2*g + 2*p = -50. Calculate the highest common factor of g and 100.
20
Let b(y) = 2 - 1 + y + 0*y. Let i be b(1). Suppose 0 = -w - 2*w + 6. Calculate the highest common divisor of i and w.
2
Let h(y) = -y - 3. Let p be h(-4). Suppose p = 3*f - 47. Let m = -192 + 320. Calculate the highest common factor of m and f.
16
Suppose g = 3 + 7. Suppose -5*b - 1 = -16. Suppose t + 3*t + b*a - g = 0, 2 = 2*t + 3*a. Calculate the greatest common factor of t and 6.
2
Suppose -2*h = h - 3*b - 6, -5*b + 30 = 3*h. Suppose -8*q - 275 = -13*q. Calculate the highest common divisor of h and q.
5
Let m be ((-4)/(-5))/(4/20). Let k = m + 0. What is the highest common divisor of 2 and k?
2
Let q(u) be the second derivative of u**4/12 + u**3 - 2*u**2 - 3*u. Let t be q(-8). What is the highest common factor of t and 132?
12
Suppose -2*i + 8 = -2. Calculate the greatest common factor of 1 and i.
1
Let r = 6 - 6. Suppose r*m - 10 = -m. Let n(a) = -a**3 + 8*a**2 + 4*a. Let y be n(4). Calculate the highest common factor of y and m.
10
Suppose -4 + 0 = -2*l. Suppose l*i = -4*m - m + 35, 2*m = -5*i + 35. Calculate the greatest common factor of 2 and m.
1
Let t be 12 + 4 + 8/(-4). What is the highest common factor of t and 42?
14
Let c = 47 + -23. Calculate the highest common factor of 264 and c.
24
Let q(o) be the first derivative of o**4/4 - 11*o**3/3 + 5*o**2 + 13*o - 3. Let b be q(10). Calculate the greatest common divisor of b and 26.
13
Let y(a) = 29 + 0*a + 27*a**2 + a - 7*a**2 + a**3. Let q be y(-20). What is the highest common divisor of q and 99?
9
Let c = 33 + -20. Calculate the greatest common factor of 52 and c.
13
Suppose q = -0*q - 45. Let z be (8/6)/((-10)/q). What is the greatest common divisor of z and 48?
6
Suppose 0 = 2*h + 3 - 5. Let b(a) = -a**2 + 8*a + 1. Let m be b(8). What is the highest common divisor of h and m?
1
Suppose 6*k - 164 = 58. Calculate the greatest common factor of 333 and k.
37
Let u = -2 - -4. Let g(p) = p + 2. Let i be g(u). What is the greatest common factor of 20 and i?
4
Suppose -3*a + 78 + 36 = -5*s, -4*a = -2*s - 152. Let v = a + -22. What is the greatest common divisor of 16 and v?
16
Suppose -4*i - 9 + 25 = 0. Suppose -i*a + b = -2072 - 1543, a = b + 906. Let r be 1/(-4) - a/(-12). What is the greatest common factor of r and 50?
25
Let q(l) = -l + 5. Let t be q(3). Suppose 30 = f - 5*z, -t*f = 5*z + 12 - 42. What is the highest common divisor of 10 and f?
10
Let c be (-2)/((2 - 5)/84). What is the highest common divisor of 8 and c?
8
Suppose -5*a + 4*s = -85, -2*a - s + 31 = -2*s. What is the greatest common factor of a and 39?
13
Let u(n) = 139*n**2 - 2*n - 1. Let l = 4 - 5. Let m be u(l). Calculate the greatest common factor of m and 20.
20
Suppose -25 = -2*i + 25. Calculate the greatest common divisor of 5 and i.
5
Let x(v) be the first derivative of -v**3/3 - 7*v**2/2 + 3*v - 1. Let q be x(-6). Calculate the greatest common factor of q and 9.
9
Suppose -23 = 3*h + 3*d + 4, -4*h + d - 11 = 0. Let b(p) = p**3 + 9*p**2 + 4*p + 8. Let m be b(h). Calculate the greatest common divisor of m and 8.
8
Let r(b) = 15*b**3 + b**2 - 1. Suppose -4*c = 3*t - 10, 0 = 5*c - 2*t - 0*t - 1. Let j be r(c). What is the greatest common factor of j and 60?
15
Let t be (-3 - -1)/(2/(-4)). Suppose -6*n + n + 365 = 0. Suppose 3 = t*w - n. Calculate the greatest common divisor of w and 76.
19
Let z = 11 - 5. Calculate the greatest common factor of 54 and z.
6
Let t(g) = -g**3 + g - 2. Let y be t(-2). Suppose -y = -2*i, 0*v - 44 = -3*v - i. Suppose -2*f + 98 = 5*f. Calculate the greatest common divisor of f and v.
14
Suppose -g = 4, 5*o = 7*g - 3*g + 36. Suppose -o*p = -p - 30. Calculate the greatest common factor of p and 5.
5
Let v = -4 - -9. Let f(h) = h**3 - 4*h**2 - 3*h. Let u be f(v). What is the greatest common divisor of u and 30?
10
Let v = -118 + 189. Suppose -5*b + 2 = -23. Suppose -3*c = 2*g - 127, -v = -b*g - 4*c + 229. What is the highest common factor of g and 7?
7
Suppose 3*q - 3*i - 5 = 16, -3*q + 15 = -5*i. What is the highest common factor of 110 and q?
10
Let o be (-21)/28 + 223/4. What is the highest common divisor of 11 and o?
11
Let r(n) = 5*n - 9. Let m be r(6). Suppose 2*p - 13*p = -231. What is the highest common factor of m and p?
21
Let s(p) = p**3 - 3*p**2 + 8*p - 3. Let m be s(5). Let r(k) = -20*k - 31. Let n be r(-3). What is the highest common divisor of m and n?
29
Suppose 5*k - 4*n - 90 = 0, -3*n = -5*k - 4*n + 65. What is the highest common divisor of k and 7?
7
Let n(b) = 17*b + 7. Let y be n(3). Let o be (2 - 4)*9 - 0. Let u = o + y. What is the highest common factor of u and 16?
8
Suppose -2*s = -s + 5*k, k = 0. Suppose -4*z + 4*n + 88 = s, 116 = 5*z + 4*n - 12. What is the highest common factor of z and 8?
8
Let p = -4 - -6. Let y(k) = 12*k - 2. Let d(n) = -n. Let u(g) = 6*d(g) + y(g). Let a be u(p). What is the greatest common factor of a and 40?
10
Suppose n + 123 = 3*t + 2*t, -3*n - 105 = -4*t. Suppose -3*r + 0*r = -36. What is the greatest common factor of t and r?
12
Let k = -230 + 710. Suppose 3*v - k = -v. Calculate the highest common divisor of v and 15.
15
Let l be (-13)/((-195)/(-50))*6/(-4). Suppose 4*p = p + 288. Let c = -56 + p. Calculate the greatest common divisor of c and l.
5
Let h = 10 + -9. Calculate the highest common factor of h and 2.
1
Suppose 2*w - 5*w = 3*u - 27, 0 = -u - 2*w + 7. Calculate the greatest common divisor of 33 and u.
11
Let f = 6 + -6. Suppose -3*n - z + f*z = -169, 2*z - 63 = -n. Calculate the greatest common factor of 5 and n.
5
Suppose 2*d - 4*u - 124 = -d, -4*u + 56 = 2*d. Let i be 58/10 - 1/(-5). What is the greatest common divisor of i and d?
6
Suppose -4*p - 871 = -5*u, -66*u + 71*u - 3*p - 867 = 0. Let l = -5 - 4. Let j be (6/l)/(4/(-114)). Calculate the highest common divisor of j and u.
19
Let u(x) = x**2 - 3*x + 1. Let b be u(4). Let f = b - 1. Suppose f*o - 3*k = 97, -k + 89 = 3*o + 13. Calculate the highest common factor of o and 5.
5
Suppose 0*t - 18 = -2*t. Let z be (-180)/(-10) - (-1 - -1). Calculate the greatest common divisor of z and t.
9
Let j = -28 + 55. Suppose -3*h + 4*q - 5 + j = 0, -h + 5*q = -22. Calculate the highest common factor of 22 and h.
2
Suppose 3*y = 2*b + 326, 6*b = -3*y + 2*b + 320. Suppose 2*p = -p. Let i = 12 - p. Calculate the highest common divisor of i and y.
12
Suppose j + 2*z + 8 = 0, 0*j + 2*z - 4 = 5*j. Let t be 207 + (3 - (j + 2)). L